542887?
9
What is the ten millions digit of 642313756?
4
What is the billions digit of 6966202215?
6
What is the hundreds digit of 511928971?
9
What is the tens digit of 3393076548?
4
What is the millions digit of 104507182?
4
What is the hundred millions digit of 1090148066?
0
What is the tens digit of 21553414?
1
What is the tens digit of 120023640?
4
What is the hundreds digit of 134627736?
7
What is the ten thousands digit of 673306755?
0
What is the thousands digit of 589729184?
9
What is the ten thousands digit of 37556989?
5
What is the hundred millions digit of 880386274?
8
What is the tens digit of 736854710?
1
What is the ten thousands digit of 6327668671?
6
What is the millions digit of 288176069?
8
What is the hundreds digit of 171559033?
0
What is the millions digit of 1682547240?
2
What is the hundred thousands digit of 81938828?
9
What is the hundred thousands digit of 17786296?
7
What is the ten thousands digit of 1654998847?
9
What is the tens digit of 1263796974?
7
What is the tens digit of 5689172?
7
What is the millions digit of 60922127?
0
What is the ten thousands digit of 53907969?
0
What is the hundreds digit of 29762926?
9
What is the ten thousands digit of 3244737?
4
What is the units digit of 146701470?
0
What is the hundred thousands digit of 584305199?
3
What is the hundred millions digit of 294628040?
2
What is the hundreds digit of 5896091053?
0
What is the hundreds digit of 254925149?
1
What is the hundred thousands digit of 227388532?
3
What is the thousands digit of 356042517?
2
What is the hundreds digit of 67200840?
8
What is the units digit of 452311214?
4
What is the ten thousands digit of 1063392?
6
What is the hundred millions digit of 521186322?
5
What is the hundred thousands digit of 3988959611?
9
What is the hundred thousands digit of 69999610?
9
What is the billions digit of 2620804487?
2
What is the ten thousands digit of 44457427?
5
What is the hundred thousands digit of 129309572?
3
What is the millions digit of 946039814?
6
What is the ten thousands digit of 31639164?
3
What is the ten thousands digit of 165718965?
1
What is the ten millions digit of 27705491?
2
What is the ten thousands digit of 193035098?
3
What is the units digit of 10036373?
3
What is the millions digit of 43701622?
3
What is the tens digit of 4048187426?
2
What is the hundreds digit of 232296671?
6
What is the ten millions digit of 596501028?
9
What is the tens digit of 27601958?
5
What is the thousands digit of 97469264?
9
What is the hundred thousands digit of 239304613?
3
What is the hundred millions digit of 220496019?
2
What is the tens digit of 388797819?
1
What is the ten thousands digit of 9133962852?
6
What is the ten thousands digit of 61943860?
4
What is the ten millions digit of 28529460?
2
What is the units digit of 37371694?
4
What is the millions digit of 765109906?
5
What is the millions digit of 6181609401?
1
What is the hundred thousands digit of 867619761?
6
What is the units digit of 705514529?
9
What is the thousands digit of 311633234?
3
What is the ten thousands digit of 4706769476?
6
What is the ten thousands digit of 30678738?
7
What is the ten millions digit of 352907432?
5
What is the millions digit of 67773119?
7
What is the tens digit of 47712269?
6
What is the ten thousands digit of 263055346?
5
What is the tens digit of 4738647782?
8
What is the hundreds digit of 6183983744?
7
What is the thousands digit of 3124194178?
4
What is the tens digit of 364301356?
5
What is the ten millions digit of 577090237?
7
What is the millions digit of 13641111?
3
What is the millions digit of 2180106148?
0
What is the ten millions digit of 70339589?
7
What is the hundred thousands digit of 519411109?
4
What is the hundreds digit of 4922774083?
0
What is the hundreds digit of 390177892?
8
What is the ten millions digit of 2081282562?
8
What is the thousands digit of 126163773?
3
What is the ten millions digit of 288241082?
8
What is the hundred thousands digit of 355438933?
4
What is the tens digit of 3811534029?
2
What is the units digit of 24048072?
2
What is the tens digit of 103262466?
6
What is the hundred millions digit of 513252895?
5
What is the tens digit of 45079076?
7
What is the tens digit of 59670970?
7
What is the thousands digit of 928488980?
8
What is the billions digit of 6881702561?
6
What is the millions digit of 157131356?
7
What is the hundred thousands digit of 519077975?
0
What is the tens digit of 273214691?
9
What is the millions digit of 1257840849?
7
What is the hundreds digit of 18125737?
7
What is the hundred millions digit of 170264663?
1
What is the ten thousands digit of 682277415?
7
What is the billions digit of 1060435094?
1
What is the hundred millions digit of 235723003?
2
What is the hundreds digit of 86527555?
5
What is the units digit of 84460169?
9
What is the millions digit of 362100907?
2
What is the ten thousands digit of 86675514?
7
What is the hundred thousands digit of 50857442?
8
What is the hundred thousands digit of 345574457?
5
What is the units digit of 383101362?
2
What is the units digit of 568611780?
0
What is the hundreds digit of 259437266?
2
What is the units digit of 50989445?
5
What is the hundred millions digit of 3100208076?
1
What is the hundred thousands digit of 51407910?
4
What is the millions digit of 97910982?
7
What is the thousands digit of 52871151?
1
What is the tens digit of 44199594?
9
What is the ten millions digit of 28557332?
2
What is the ten millions digit of 5795404463?
9
What is the ten thousands digit of 108713047?
1
What is the hundred millions digit of 2347478081?
3
What is the hundred millions digit of 6964058072?
9
What is the hundred millions digit of 3936308688?
9
What is the hundreds digit of 108447552?
5
What is the ten thousands digit of 613439706?
3
What is the ten millions digit of 255669083?
5
What is the hundreds digit of 646789743?
7
What is the ten millions digit of 746485710?
4
What is the hundred millions digit of 303173199?
3
What is the ten thousands digit of 267094719?
9
What is the hundreds digit of 276340709?
7
What is the ten millions digit of 5929230653?
2
What is the ten millions digit of 2145812955?
4
What is the ten millions digit of 163662553?
6
What is the tens digit of 55431910?
1
What is the thousands digit of 3342884?
2
What is the hundred thousands digit of 1731122416?
1
What is the ten thousands digit of 971557596?
5
What is the hundred thousands digit of 344945269?
9
What is the millions digit of 8481795?
8
What is the billions digit of 2661744446?
2
What is the hundred thousands digit of 259656764?
6
What is the ten thousands digit of 214027695?
2
What is the units digit of 1163942409?
9
What is the thousands digit of 1948568969?
8
What is the hundreds digit of 155171816?
8
What is the millions digit of 4114574738?
4
What is the hundreds digit of 18301885?
8
What is the ten thousands digit of 2409183186?
8
What is the hundreds digit of 26758074?
0
What is the hundred thousands digit of 67319292?
3
What is the millions digit of 3747261426?
7
What is the units digit of 61529806?
6
What is the units digit of 101204174?
4
What is the hundred millions digit of 1632002591?
6
What is the millions digit of 58003147?
8
What is the hundreds digit of 8118195?
1
What is the hundreds digit of 56623286?
2
What is the thousands digit of 2007950588?
0
What is the units digit of 2176426153?
3
What is the millions digit of 6205630?
6
What is the ten millions digit of 433808978?
3
What is the units digit of 54610667?
7
What is the millions digit of 2577932930?
7
What is the hundreds digit of 2225515583?
5
What is the units digit of 93861224?
4
What is the hundred thousands digit of 58267505?
2
What is the ten millions digit of 974636477?
7
What is the hundred thousands digit of 4187346831?
3
What is the thousands digit of 100370658?
0
What is the millions digit of 1644091298?
4
What is the units digit of 173016572?
2
What is the ten millions digit of 363486662?
6
What is the thousands digit of 536660785?
0
What is the units digit of 2021167587?
7
What is the ten millions digit of 1106803525?
0
What is the hundred thousands digit of 2583289900?
2
What is the hundred millions digit of 4558274047?
5
What is the u